d) = o*s(d) - 2*v(d). Suppose 2*a - 2 + 8 = 4*l, 268*a - 15 = -4*l + 273*a. What is t(l)?
-30
Let v(q) = 1 + 2*q**2 + 2*q + 0 - 3 - q**3. Let k(a) be the second derivative of a**4/6 + 5*a**3/3 - 9*a**2/2 - 112*a. Let l be k(-6). What is v(l)?
-5
Let s(m) = m**3 - 11*m**2 - 27*m + 10. Let b(y) = -132*y + 937. Let k be b(7). Give s(k).
-3
Let w(s) be the third derivative of -s**5/30 - 5*s**4/12 - 17*s**3/6 - 41*s**2 + 3*s. What is w(-7)?
-45
Suppose -4*w = n + 55, -5*w - 27 = -4*n + 47. Let t(b) = b + 14. Give t(w).
0
Suppose -4*q - 4 = -16. Suppose b = 3*v - 6, v - 2*b - 5 + q = 0. Let f(i) = -4*i**2 + 2*i - 4 + i + 2*i**3 + 3. Calculate f(v).
5
Let q(f) be the third derivative of -1/120*f**6 + 2*f**2 - 1/12*f**5 + 0 + 0*f - 1/6*f**3 + 1/12*f**4. What is q(-6)?
23
Let j(z) be the third derivative of -z**7/2520 + z**6/80 - z**5/40 - z**4/12 + z**3/3 + 49*z**2. Let v(w) be the second derivative of j(w). What is v(9)?
-3
Let h = 32124 + -32128. Let w(i) = -4*i**3 - 7*i**2 - 2*i + 8. Determine w(h).
160
Suppose 0*j - 2*m = -5*j - 20, 5*j + 5*m = -55. Let p be ((-15)/(-10))/(-4 - -1)*j. Let z(t) = t**2 + p*t - 15 + 4 + 7. Calculate z(-3).
-4
Let o(r) be the first derivative of r**4/4 + 8*r**3/3 + 3*r**2 + 5*r + 733. What is o(-4)?
45
Let o(x) = -x**3 - 10*x**2 + 5*x - 17. Let g be o(-8). Let f = g + 185. Let k(s) = -s. Determine k(f).
0
Let d(o) = 36 - 68 - 19*o**2 + o**3 + 1 - 12 + 2*o. What is d(19)?
-5
Let j(t) = 16*t**3 + 84*t**2 + 24*t - 22. Let d(l) = 6*l**3 + 28*l**2 + 11*l - 7. Let n(s) = -11*d(s) + 4*j(s). Give n(13).
2
Suppose -5*x = 5*u - 33 - 2, u - 16 = -4*x. Suppose y - 5*o - 71 = 0, 0*o = 5*y + x*o - 243. Let h = -54 + y. Let i(t) = -t**3 - 4*t**2 - 3*t. Determine i(h).
0
Let d = -3 + 3. Suppose d = -q - 5*x - 29, -4*x + 9*x + 13 = 3*q. Let p be (0 + (-5)/q)/(2/8). Let v(y) = -y**2 + 4*y + 7. Give v(p).
2
Let j(l) be the second derivative of -5*l**3/6 + l**2/2 - 4579*l. Determine j(-5).
26
Let m = -392 + 397. Suppose 0 = 5*g + 25, -m = r + 4*g - 5*g. Let t(z) = -z**2 - 9*z + 11. Calculate t(r).
1
Let p be 32/12 - (10 + (-336)/36). Let b(r) = r**2 - 9*r + 13. Give b(p).
-1
Let u = -62 + 55. Let c(o) = 31*o + 215. Let n be c(u). Let h(a) = -a**3 - a**2 + a - 2. Give h(n).
0
Suppose a + 1 = 6. Let j be 0 + (a - 1 - 5). Let f(l) = 4*l + 6. Let m(d) = -1. Let c(k) = f(k) + 5*m(k). Give c(j).
-3
Suppose 0*h - 2*h + 3*v = 10, 4*h + 5*v + 20 = 0. Let d(w) be the second derivative of 2*w**3/3 + 15*w**2/2 + 11946*w. Calculate d(h).
-5
Suppose 0*h = h. Let l(a) = 1300 - a + 0*a - 1294. Calculate l(h).
6
Let k be -2*15/(-18)*12/10. Suppose -k*q - x = -5*q + 15, -4*q + 3*x = -25. Let u(m) = -1 + q - 5*m + 15*m - 13*m. Give u(7).
-18
Let j(r) be the third derivative of r**7/5040 - r**6/240 + r**5/15 - r**3/6 + 3*r**2. Let z(k) be the third derivative of j(k). Give z(4).
1
Let m(u) = 6 + 4*u - 15 + 11*u + 1 - 3. Give m(-5).
-86
Let x be 1/3 + 4/(-3). Let v(r) be the third derivative of r**6/24 - r**5/30 - r**4/12 - r**3/6 + r**2 - 116*r - 25. Give v(x).
-6
Let w be (-1)/(-6)*-5*-6. Let o(r) = -r**2 + 4*r. Let p be o(3). Let g(l) = -5 + 0*l**3 + 4*l**2 + 7*l - 2*l**3 + 3*l**p - 2*l**3. Calculate g(w).
5
Let j(p) = -170*p - 164*p - 164*p + 497*p + 21. Let n = 14 - 4. What is j(n)?
11
Let f(h) = -h**2 - 23*h + 52. Let i be f(-25). Let c(x) = -4*x**i + 3*x**2 - 7*x - 3 + 0*x**2 + 1. Determine c(-7).
-2
Let u be (-294)/252 - (-606)/(-36). Let m(q) = -q**2 - 32*q - 245. Calculate m(u).
7
Let s(v) = -3*v + 64. Let c be ((-744)/651)/(2/(-35)). Determine s(c).
4
Let f = 28164 - 28159. Let s(d) = 2*d**2 - 21*d + 82. Give s(f).
27
Let x(y) = y + 2*y + 8*y**2 - 2*y**2 + 0*y + 3. Suppose 0 = 2*s - 3*l - 34 + 41, -l = 4*s + 7. Determine x(s).
21
Let z(w) = -5*w - 2. Let m(l) = 11*l + 5. Let n(i) = 4*m(i) + 9*z(i). Let g(x) = -1339*x + 8 + 17 + 18 + 1294*x. Let r be g(1). Determine n(r).
4
Let f(b) = -8*b**3 - 2*b**2 - 2*b - 1. Suppose -3*s = 3*c, 4*c + 5*s - 3 = -1. Calculate f(c).
59
Let n(z) = -5*z**2 + 3*z. Let f(l) = -9*l + 2. Let x be f(0). Suppose 0 = -1002*u + 1001*u + x. Give n(u).
-14
Let o(n) be the first derivative of 3*n**2 - 2. Let m(j) = j**3 - j**2 + 6*j + 14. Let s be m(0). Let l be (-13 + s)/(1 - 2 - 0). Give o(l).
-6
Let q(m) = -m**2 + 7. Let f = 98 + -42. Suppose -76 = -4*o - f. Calculate q(o).
-18
Let v(n) be the first derivative of -n**4/4 + 4*n**3/3 - 3*n**2/2 - n - 4836. Let t(f) = -f**2 - 3*f + 3. Let z be t(-3). Determine v(z).
-1
Let u(m) = -m**2 + 2*m + 1. Let s = -143 - -16. Let b = 184 + s. Let x = b + -54. What is u(x)?
-2
Let t(r) = -3*r + 22. Let i = -7107 + 7119. Determine t(i).
-14
Let c be (-2)/7 - 132/(-21). Let k(i) = 14*i - 1 - 29*i + 12*i + 22. Let u(r) = -r + 7. Let d(g) = 3*k(g) - 8*u(g). Give d(c).
1
Let t(a) = a**2 - 3*a - 11. Let d = 2863 + -2871. Give t(d).
77
Let r(z) = 69*z**2 - 20*z + 8. Let a(j) = -6*j**2 + 3*j - 1. Let u(i) = -6*a(i) - r(i). Determine u(1).
-33
Let h(j) = 78*j - 365 - 119*j + 48*j + 24*j + 30*j. What is h(6)?
1
Let f(a) = a**2 + 6*a - 6. Let z(b) = 14*b - 76. Suppose -2*k = -4*s + 28, 0*s + s + 3*k + 7 = 0. Let v be z(s). Determine f(v).
-6
Let d(l) be the second derivative of l**5/15 + l**4/12 + 109*l**3/6 + 23*l. Let x(c) be the second derivative of d(c). Determine x(3).
26
Let t(h) = -4*h + 29 + 7*h + 16. Let r(p) = -p - 15. Let z(v) = 7*r(v) + 2*t(v). Let c(n) = n + 14. Let y(j) = -3*c(j) - 4*z(j). What is y(-8)?
10
Let r(b) = -5*b**3 - 2*b**2 - 2*b + 3. Let g = 4590 - 4589. Determine r(g).
-6
Let c(m) = 2*m**3 - 11*m + 12. Suppose -183*q + 570 = 204. What is c(q)?
6
Let v = -3 + -4. Let r(w) be the third derivative of w**5/60 + 5*w**4/24 - 7*w**3/6 - 1260*w**2. Calculate r(v).
7
Suppose 5*n + i - 22 = 0, -n + 3*i + 20 - 6 = 0. Suppose -n*m + 17 = -18. Suppose 2*y = m*y - 20. Let f(v) = -2*v**2 + 7*v - 4. Determine f(y).
-8
Let s be (-1)/(2*2/(-44)*1). Suppose -s = -6*n + 91. Let o(j) = -n*j - 2 - 21*j + 37*j. Calculate o(-2).
0
Let m(y) = -y**2 + 3*y + 182. Let a(p) = p**2 - 3*p - 155. Let g(s) = -6*a(s) - 5*m(s). Determine g(-5).
-20
Let a(y) = -y**3 - 2*y**2 - y - 15. Let x = -23088 - -23088. Calculate a(x).
-15
Let n(t) = t**3 - 7*t**2 - 2*t + 23. Suppose -a - 3*o = -5, o - 27 = -3*a - 12. Give n(a).
-37
Let w be -1*2 + 5 - (-126)/(-14). Let h(n) = 4*n + 9. Let s(v) = v + 3. Let b(u) = w*s(u) + h(u). Calculate b(12).
-33
Let x(q) = 17*q + 3. Let y(z) = -9*z - 2. Let k(v) = 3*x(v) + 5*y(v). Suppose -2365*a = -2320*a - 45. Calculate k(a).
5
Let b(z) = 2*z - 23. Let c(f) = -f + 8. Let g(r) = -b(r) - 3*c(r). Determine g(-6).
-7
Let d(b) = 9*b - 13. Suppose 4*m - a - 39 = -19, -8 = -2*a. What is d(m)?
41
Let w(m) = m - 11. Let v be 12/(96/572) + (-1)/(-2). Let x be -1 + -4 + v/(42/7). Calculate w(x).
-4
Let x(w) be the third derivative of w**6/120 - w**5/20 + 5*w**4/24 - w**3/3 + 925*w**2. Determine x(2).
4
Let p(k) = -k - 94*k**2 + 95*k**2 + 1 - 2*k**2. Suppose 5*z + 45 = 5*x, 2*x - z - 10 = 6. Let o(r) = r**3 - 7*r**2 - r + 9. Let q be o(x). What is p(q)?
-5
Let y(t) = 23*t - 161. Let n(b) = 4*b**2 - 288*b + 291. Let z be n(71). Determine y(z).
0
Let x(k) be the second derivative of -k**4/24 + 7*k**3/3 + 55*k**2 + 55*k. Let y(c) be the first derivative of x(c). Give y(10).
4
Suppose -16 = 4*c - t, 35 = -4*c - 4*t - 1. Let p(m) be the third derivative of 0 + 1/12*m**4 + 0*m + 1/2*m**3 - 12*m**2. Calculate p(c).
-7
Let k(v) = -27*v + 100. Suppose 0 = 2*o + 4, -3*o + 29 = -2*j + 43. Give k(j).
-8
Let y be 1*3 + -72*(1 - 3). Let t(z) = 7*z + y - 5*z**2 - z**3 + 140 - 280. Determine t(-6).
1
Let o(d) = 1. Let c(l) = -l**3 + 10*l**2 + 2*l - 23. Let u be c(10). Let q(z) = z + 10. Let t(k) = u*o(k) - q(k). Give t(-12).
-1
Let x(j) = -32 - 41 - 38 + 109 - 2*j - j**2 - 7*j. What is x(-6)?
16
Let o = 4432 - 4437. Let v(h) = -7*h**2 - 35*h. Determine v(o).
0
Let k(f) = f**2 - 4*f - 1441. Let r be k(-36). Let q(t) = -50*t**3 - 2*t**2 + 1. Calculate q(r).
49
Let s(a) = -12*a**3 + 153*a**2 - 196*a**2 + 19*a**3 + 35*a + 281 - 6*a**3. Calculate s(42).
-13
Let y(q) = -9*q - 2. Suppose -u = 4*j + 174, -3*j + 167 = 2*u + 525. Let p = u - -184. Give y(p).
-20
Let t(w) be the second derivative of 0*w**3 - 3/20*w**5 + 7*w + 0 - 1/4*w**4 + 1/2*w**2. Let r = -37 + 35. What is t(r)?
13
Let r(d) = 708*d**2 + 36*d 